{"id":126,"date":"2018-07-24T05:35:26","date_gmt":"2018-07-24T05:35:26","guid":{"rendered":"https:\/\/lexileggings.com\/index.php\/product\/air-pro-x3-whole-blue\/"},"modified":"2026-04-20T04:50:52","modified_gmt":"2026-04-20T04:50:52","slug":"air-pro-x3-whole-blue","status":"publish","type":"product","link":"https:\/\/lexileggings.com\/index.php\/product\/air-pro-x3-whole-blue\/","title":{"rendered":"Lexi Azules"},"content":{"rendered":"<p>Entra en un estado de calma y serenidad con nuestros Lexi Leggings Azules. Este color, profundo y elegante, es ideal para combinar con tonos pastel o blancos para lograr un look fresco y relajado. Con la misma calidad y comodidad premium de Lexi, estos leggings ofrecen una esencia de tranquilidad que te acompa\u00f1ar\u00e1 durante tu d\u00eda.<\/p>\n","protected":false},"excerpt":{"rendered":"<p>Entra en un estado de calma y serenidad con nuestros Lexi Leggings Azules. Este color, profundo y elegante, es ideal para combinar con tonos pastel o blancos para lograr un look fresco y relajado. Con la misma calidad y comodidad premium de Lexi, estos leggings ofrecen una esencia de tranquilidad que te acompa\u00f1ar\u00e1 durante tu d\u00eda.<\/p>\n","protected":false},"featured_media":1689,"comment_status":"open","ping_status":"closed","template":"","meta":{"site-sidebar-layout":"default","site-content-layout":"default","ast-site-content-layout":"default","site-content-style":"default","site-sidebar-style":"default","ast-global-header-display":"","ast-banner-title-visibility":"","ast-main-header-display":"","ast-hfb-above-header-display":"","ast-hfb-below-header-display":"","ast-hfb-mobile-header-display":"","site-post-title":"","ast-breadcrumbs-content":"","ast-featured-img":"","footer-sml-layout":"","theme-transparent-header-meta":"default","adv-header-id-meta":"","stick-header-meta":"default","header-above-stick-meta":"","header-main-stick-meta":"","header-below-stick-meta":"","astra-migrate-meta-layouts":"set"},"product_cat":[35],"product_tag":[],"_links":{"self":[{"href":"https:\/\/lexileggings.com\/index.php\/wp-json\/wp\/v2\/product\/126"}],"collection":[{"href":"https:\/\/lexileggings.com\/index.php\/wp-json\/wp\/v2\/product"}],"about":[{"href":"https:\/\/lexileggings.com\/index.php\/wp-json\/wp\/v2\/types\/product"}],"replies":[{"embeddable":true,"href":"https:\/\/lexileggings.com\/index.php\/wp-json\/wp\/v2\/comments?post=126"}],"wp:featuredmedia":[{"embeddable":true,"href":"https:\/\/lexileggings.com\/index.php\/wp-json\/wp\/v2\/media\/1689"}],"wp:attachment":[{"href":"https:\/\/lexileggings.com\/index.php\/wp-json\/wp\/v2\/media?parent=126"}],"wp:term":[{"taxonomy":"product_cat","embeddable":true,"href":"https:\/\/lexileggings.com\/index.php\/wp-json\/wp\/v2\/product_cat?post=126"},{"taxonomy":"product_tag","embeddable":true,"href":"https:\/\/lexileggings.com\/index.php\/wp-json\/wp\/v2\/product_tag?post=126"}],"curies":[{"name":"wp","href":"https:\/\/api.w.org\/{rel}","templated":true}]}}